What is the value of (-20 - -2) + 646 + -645?
-17
What is the value of -25 + (41 - (37 - 21))?
0
What is the value of 23 + 41 + (18 - 88)?
-6
What is 18 + -35 - (-14 - -1)?
-4
What is -3 + -8 + 4 + (0 - -8)?
1
(0 - 13) + 4 + 10 + (1 - 9)
-7
Evaluate -2 + 2 + 0 + 28 + -21 - 20.
-13
Evaluate 13 + -16 - (-1 + 1 + 1 + -12).
8
100 + -89 + (-12 - -2)
1
What is (-10 - -17) + (10 - (9 + 14))?
-6
Evaluate 22 + 1 + -16 + (-1 - -8).
14
3 + 6 + (-8 - -1 - -4) + -5
1
What is the value of (15 - 7) + 22 + -15?
15
Evaluate -5 - (8 - (21 + 11 + -11)).
8
29 + -10 + -9 + (-3 - 6) + 11
12
Calculate 21 + -9 + (-26 - -19 - (-3 + -3)).
11
Evaluate -9 - ((-3 - -7) + -7 + -3).
-3
Calculate -10 - (-10 - (-1 + 0)) - (11 - 0).
-12
Calculate (-19 - -4) + 14 + -5.
-6
17 + (0 - 0) - (-11 - 22 - -40)
10
What is the value of -3 + -22 + 2 + 2 + 7?
-14
Calculate -5 + (-2 - (-11 - -18 - -1)).
-15
Calculate 2 - -9 - (17 - 2) - (0 - 8).
4
What is the value of 133 + -145 + (-4 - (-1 + 3))?
-18
Evaluate -7 + 13 + -30 + 10.
-14
What is 164 + -173 + (18 - -1)?
10
Calculate -14 - (-2 - (0 + -1) - 2).
-11
Evaluate (-1 - 3 - ((20 - 12) + -7)) + 9.
4
(8 - 4 - (2 - -6) - -11) + 2
9
Evaluate (5 - -5) + 23 + -25.
8
What is the value of -22 - 1 - (1258 + -1300)?
19
What is the value of (-14 - (-11 + -3 - -10)) + 25?
15
Calculate (-195 - -197) + -1 + 1.
2
What is (-13 - (-3 - 5)) + -4?
-9
Evaluate 1 + 11 - (9 - (10 + 1) - -8).
6
What is the value of 14 - (12 + -11) - 20?
-7
Evaluate (-4 - -7) + -3 - (-14 - (20 + -21)).
13
What is the value of 4 - (2 + -4 + 2 + 3)?
1
Evaluate 20 - ((14 - (3 - -1)) + (1 - 3)).
12
11 + (-1 - 1) + 574 + -604
-21
What is 527 + -504 + -1 + -1?
21
What is -8 - (1 + -8 + (-16 - -14))?
1
Calculate 1 + 0 + -15 + 161 + -141.
6
What is 9 + -18 - -1 - -11 - -12?
15
Calculate -22 + (8 - (-12 + 6)) - 7.
-15
-13 - (3 - -6 - 10) - 15
-27
(-8 - 18 - (-2 - (5 + -1))) + 7
-13
What is (22 - (43 - 23)) + -8 + 0?
-6
What is (-10 - -1) + 25 + -22 - (-2 - 13)?
9
11 + (2 - (-5 - (-9 - 3)))
6
Calculate -27 - (-22 + -16) - (3 - -32).
-24
Evaluate -7 - ((5 - 8) + 22 + -14).
-12
Calculate 18 + (-7 - (-4 + 16)).
-1
Evaluate (14 - 10 - -1) + 29 + 0.
34
Evaluate 15 - (-8 + 27 - 19).
15
What is the value of (-3 - -4 - -1 - 2) + (-6 - 0)?
-6
What is 18 + 13 + -12 - 15?
4
What is 6 + -3 + 1 + 0 + 8 + -3?
9
What is 3 - (2 - 1 - ((-26 - -11) + 17))?
4
Evaluate (1 - (-3 - -32)) + (-14 - 20 - -39).
-23
-17 - (-21 - (6 + -18 - -44))
36
Calculate -1 + 9 + -9 + (19 - 28).
-10
Calculate -4 - (19 + -6) - (3 + -11).
-9
What is the value of -15 + 36 + -21 + 12?
12
5 + 6 + -3 - (9 + (-9 - -11))
-3
What is 12 - (-1 - 1) - (2056 + -2008)?
-34
(-9 + 12 - 0) + 17 + -10
10
13 + -4 + -5 + -15 - (3 - 5)
-9
Evaluate (20 - 13) + -16 - -25.
16
Calculate 309 + -315 + 6 + -2.
-2
Calculate -10 + (150 + -131 - (1 + -7)).
15
Evaluate 16 + (-36 - -37) + 15.
32
Calculate -9 - (-14 + 28 + (-4 - 8)).
-11
Evaluate (0 + 2 + 0 - 2) + (95 - 92).
3
What is the value of 0 + (17 + -8 + -13 - 3 - -15)?
8
Evaluate 36 + -1 + -629 + 628.
34
Calculate 2 + (0 - (2 + -1)).
1
Evaluate (-25 - (4 + 5 - 8)) + 9.
-17
Calculate -9 - (2 - (-7 + 2 - -34 - -3)).
21
What is 1 + 3 + -12 + (-35 - -27)?
-16
-16 + 10 + -5 + -1
-12
What is (-17 - -17) + 45 - 9?
36
Evaluate 18 + (-69 - -18) + 21.
-12
Evaluate -6 + (2 - (-14 - 5)) - (-2 + 5).
12
What is the value of -44 + 47 + (15 - 24)?
-6
What is -1 + 9 - (-5 + (13 - -14))?
-14
Evaluate 20 - (-7 - (3 + -6) - (-2 + -7)).
15
What is the value of (5 - -37 - 44) + 0 + -3 + 31?
26
Calculate (-8 - 1) + 4 - (-16 + 11 + 14).
-14
What is -2 - 21 - (339 + -348)?
-14
What is the value of -15 - (26 + 2 - 33)?
-10
(-165 - -162 - (-1 - 5)) + -1 + -4
-2
-193 + 192 - ((3 - 6) + 24)
-22
Calculate -14 - (-10 - (0 - -24)).
20
Evaluate (0 + 2 - 2) + -2 - (-27 - -22).
3
What is the value of 2 - (2 + (2 - -1)) - (6 + -2)?
-7
Calculate -9 - (0 - (18 - 17) - 14).
6
What is the value of 21 - (-1 - -6 - (-4 + 39 + -29))?
22
What is the value of (1 - -14) + 3 - (1619 + -1606)?
5
9 + (2 - 31 - (26 + -38))
-8
-19 + 0 - (61 + 75 + -150)
-5
Calculate (-1 - 2) + 7 + 60 + -43 + 10.
31
4 + -26 + 22 - 4
-4
Calculate (-2 - -6) + (1 - -9) + -6.
8
Calculate 52 + -55 - (-10 + (41 - -3)).
-37
Evaluate -1 - 2 - (-78 + 49 - 0).
26
Evaluate 6 + (-32 + 8 - (14 + -9)).
-23
(9 + (10 - 9) - 40) + 11
-19
What is the value of 0 + -27 - (0 - (4 + -5))?
-28
Calculate -1 + (7 + -14 - 3) + 20.
9
What is -10 + 5 + (-4 - 1) + 10 + -5?
-5
What is the value of 9 - (-4 - 2 - ((-4 - 1) + -6))?
4
What is -3 + 5 + 5 + -10?
-3
What is (-9 - -15 - 14) + 19?
11
What is the value of 1 - -7 - 2 - (-8 + (1 - -8))?
5
Calculate (2 - (-12 + 5)) + (2 - 7).
4
Calculate (8 - 3 - 8) + 10.
7
Calculate -30 - -31 - (-3 - 2).
6
-25 + 8 + 22 + -29
-24
Calculate (-77 - -108) + -55 + (-1 - -6).
-19
Calculate 11 - (9 + -2 + -2).
6
Calculate 7 - 14 - (-8 + 2) - 2.
-3
Evaluate (3 - (-4 + -3)) + -9.
1
(0 - 0 - 0) + 23 - (4413 + -4416)
26
What is (1 - -6 - (0 + -4 + -3)) + -3?
11
What is (42 - 55) + (-1 - (-1 + -5)) - -7?
-1
(-5 - -19) + -6 + 3 + -3
8
Evaluate -49 + 2 + (30 - (20 + 11)) - -12.
-36
Evaluate 11 + 9 + -9 + -10.
1
0 + 14 + -16 + 18 + -35
-19
What is the value of 2 + 3 + 15 - (12 + 2 + -9)?
15
Evaluate 8 + (-39 - -6) - (6 - 14).
-17
Evaluate 3 + 3 + -4 + -773 + 774.
3
-4 + (4 - (8 - 13 - (-6 - 1)))
-2
What is (9 - 1) + -1 - (7 - (22 - 40))?
-18
Evaluate 6 - ((7 - 5 - -7) + (-2 - -8)).
-9
Calculate -5 + (-2 - 2) + (0 - -17).
8
Evaluate 20 + (-9 - (-11 + (-3 - -16))).
9
What is 16 - (27 - (15 + -14))?
-10
Calculate (-71 - -55) + (17 - (-4 - -7)).
-2
-6 - ((-2 - 8) + -6) - (-1 + 37)
-26
Evaluate 1870 + -1894 + -1 + -4.
-29
What is the value of -1 + (-4 - 10) - -10?
-5
What is the value of 17 + -10 - 11 - -7?
3
Evaluate (-22 - -25) + 12 - 28.
-13
What is the value of -6 + 12 + 1 + -26 - (10 + -18)?
-11
What is the value of -14 + 2 + (5 - -15) + (2 - 2)?
8
What is the value of (20 - (2 + 4 + -2)) + 2 - 5?
13
88 - (76 - -26) - (-49 - -1)
34
What is -4 + 27 + 0 + -8 + -7?
8
(0 + (-4 - -1) - (1033 - 1020)) + 6
-10
What is the value of 11 + -1 - ((31 - 15) + -25)?
19
14 + (-4 - 11) - (-1 + 2 + -16)
14
Evaluate (4 - -3) + 3 - 4 - (11 - 1).
-4
What is the value of (-4 - -14) + (-1 - 0) - (-3 + 4)?
8
Evaluate 7 + -3 - ((8 + -3 - 11) + 0).
10
What is -2 - (-7 + 4 + 4) - (48 + -53)?
2
(2 - 1 - (7 + -1)) + 438 + -424
9
What is 18 + (0 + -13 - -3)?
8
Calculate 3 - -4 - (-5 + -16) - 10.
18
What is the value of (4 - 4) + -7 - (2 + (0 - 2))?
-7
2 + 6 + (-24 - -9 - 8)
-15
What is the value of (-2 - 2) + (1 - -3 - (10 - 4))?
-6
What is (0 - 2 - -1) + (-5 + 1 - -18)?
13
Calculate 11 + -8 + (-5 - -8).
6
Calculate 6 + -3 + 8 + 1 + -2.
10
(-2 - 4) + (307 - 311)
-10
What is -8 + -2 + 0 - (-29 - -11)?
8
-4 - (14 + -5 - 5)
-8
Calculate (-39 - (74 + -112)) + 3 + -1 + 1.
2
What is -10 + -14 + 36 - (3 + -1)?
10
Calculate 2 - -1 - (13 + 12) - (-36 + 31).
-17
What is the value of (20 - (42 + -21)) + 16?
15
Evaluate (2 - 30) + -499 + 525.
-2
What is 15 + 14 + -51 - -48?
26
What is -15 + -37 + 27 + 40?
15
What is (9 - (7 - 0)) + (6 - (10 - 6))?
4
Calculate 241 + -233 - (1 + -2 + -3 + 3).
9
Calculate -7 + 8 + -10 + -4 + -5.
-18
Evaluate 2 - 13 - (50 + -107 - -65).
-19
-8 + 1 + (-68 - -71) + 15
11
Calculate 14 - 1 - (0 - -20 - -7).
-14
Calculate 12 + 10 + -21 - -18.
19
Evaluate (-11 + 27 - 30) + -6 + -1.
-21
17 - (4 + 2 + -2 + -4)
17
What is the value of (5 - (3 + (3 - -1) + -5)) + 21?
24
What is 740 + -739 + (17 - 0)?
18
What is -4 + 12 + -16 + -4?
-12
Calculate -15 + 19 + (-22 - -14).
-4
What is the value of -12 + -17 + 23 + -15?
-21
Evaluate (17 + -10 - 15) + 14.
6
Calculate 6 + -11 + 14 + 6.
15
What is -2 + -1 + 4 + (43 - (1 + 24))?
19
What is -6 + (19 - -5 - 35)?
-17
What is the value of (7 + -9 + 7 - (4 - 1)) + 12?
14
Calculate -1 - ((0 - -2) + (-15 - -12)).
0
-23 + 1 - (13 + -50)
15
2 - -3 - (27 - (17 + 1))
-4
Calculate (-1 - 1) + -25 + 26 + -8 + -2.
-11
What is the value of 13 + (8 - 12) + -13 - (2 - -8)?
-14
Evaluate -9 - ((4 - -11) + (12 - (-10 - -11))).
-35
-12 + (11 - 3 - -12)
8
What is 11 + -1 - (8 - -22 - 34)?
14
What is the value of -11 - (-17 + 17 + -20)?
9
What is (18 - 13) + -3 - (-6 + -3)?
11
What is the value of -2 - -18 - (14 + -3)?
5
-9 - (-16 + 33 + -11)
-15
Evaluate 33 + (14 - -22 - 6